{"id":264,"date":"2023-10-29T11:47:30","date_gmt":"2023-10-29T11:47:30","guid":{"rendered":"https:\/\/kanzy.fr\/?post_type=product&#038;p=264"},"modified":"2025-04-20T22:38:54","modified_gmt":"2025-04-20T22:38:54","slug":"sebniya-foulard-berbere-rose","status":"publish","type":"product","link":"https:\/\/kanzy.fr\/index.php\/product\/sebniya-foulard-berbere-rose\/","title":{"rendered":"Sebniya &#8211; Foulard Berb\u00e8re Rose"},"content":{"rendered":"<p>Plongez dans la riche culture berb\u00e8re avec notre Sebniya, un foulard berb\u00e8re traditionnel dans une douce teinte de rose. Ce magnifique accessoire capture la gr\u00e2ce et l&rsquo;authenticit\u00e9 de l&rsquo;artisanat berb\u00e8re.<\/p>\n<p>Le foulard Sebniya est une pi\u00e8ce d&rsquo;histoire et d&rsquo;art, portant en lui l&rsquo;h\u00e9ritage des femmes berb\u00e8res cr\u00e9atives. Sa couleur rose d\u00e9licate \u00e9voque la f\u00e9minit\u00e9 et la douceur, et il peut \u00eatre port\u00e9 de nombreuses mani\u00e8res : autour de la t\u00eate, en tant qu&rsquo;\u00e9charpe ou m\u00eame en d\u00e9coration.<\/p>\n<p>Chaque foulard est tiss\u00e9 avec soin, cr\u00e9ant ainsi une pi\u00e8ce unique qui raconte une histoire. Portez-le avec fiert\u00e9 ou exposez-le comme une \u0153uvre d&rsquo;art chez vous, le Sebniya apporte une touche de tradition et de charme berb\u00e8re \u00e0 votre quotidien.<\/p>\n<p>Explorez la beaut\u00e9 de la culture berb\u00e8re avec notre Sebniya, un hommage aux femmes artistes et \u00e0 leur riche patrimoine.<\/p>\n","protected":false},"excerpt":{"rendered":"<p>Ajoutez une touche de f\u00e9minit\u00e9 et de tradition \u00e0 votre style avec notre Sebniya, un foulard berb\u00e8re rose. Une pi\u00e8ce d&rsquo;art et d&rsquo;histoire, il offre de nombreuses fa\u00e7ons de l&rsquo;arborer pour \u00e9gayer votre look au quotidien. D\u00e9couvrez la beaut\u00e9 de la culture berb\u00e8re.<\/p>\n","protected":false},"featured_media":265,"comment_status":"open","ping_status":"closed","template":"","meta":[],"product_brand":[],"product_cat":[20],"product_tag":[46,51,71,68,69,70],"class_list":{"0":"post-264","1":"product","2":"type-product","3":"status-publish","4":"has-post-thumbnail","6":"product_cat-foulard","7":"product_tag-amazigh","8":"product_tag-berbere","9":"product_tag-fil-dor","10":"product_tag-foulard","11":"product_tag-sebniya","12":"product_tag-voile","14":"first","15":"instock","16":"shipping-taxable","17":"purchasable","18":"product-type-simple"},"yoast_head":"<!-- This site is optimized with the Yoast SEO plugin v27.3 - https:\/\/yoast.com\/product\/yoast-seo-wordpress\/ -->\n<title>Sebniya - Foulard Berb\u00e8re Rose - KANZY<\/title>\n<meta name=\"robots\" content=\"index, follow, max-snippet:-1, max-image-preview:large, max-video-preview:-1\" \/>\n<link rel=\"canonical\" href=\"https:\/\/kanzy.fr\/index.php\/product\/sebniya-foulard-berbere-rose\/\" \/>\n<meta property=\"og:locale\" content=\"fr_FR\" \/>\n<meta property=\"og:type\" content=\"article\" \/>\n<meta property=\"og:title\" content=\"Sebniya - Foulard Berb\u00e8re Rose - KANZY\" \/>\n<meta property=\"og:description\" content=\"Ajoutez une touche de f\u00e9minit\u00e9 et de tradition \u00e0 votre style avec notre Sebniya, un foulard berb\u00e8re rose. Une pi\u00e8ce d&#039;art et d&#039;histoire, il offre de nombreuses fa\u00e7ons de l&#039;arborer pour \u00e9gayer votre look au quotidien. D\u00e9couvrez la beaut\u00e9 de la culture berb\u00e8re.\" \/>\n<meta property=\"og:url\" content=\"https:\/\/kanzy.fr\/index.php\/product\/sebniya-foulard-berbere-rose\/\" \/>\n<meta property=\"og:site_name\" content=\"KANZY\" \/>\n<meta property=\"article:publisher\" content=\"https:\/\/www.facebook.com\/kanzy.fr1\/\" \/>\n<meta property=\"article:modified_time\" content=\"2025-04-20T22:38:54+00:00\" \/>\n<meta property=\"og:image\" content=\"http:\/\/kanzy.fr\/wp-content\/uploads\/2023\/10\/1698490267725-scaled.jpg\" \/>\n\t<meta property=\"og:image:width\" content=\"1920\" \/>\n\t<meta property=\"og:image:height\" content=\"2560\" \/>\n\t<meta property=\"og:image:type\" content=\"image\/jpeg\" \/>\n<meta name=\"twitter:card\" content=\"summary_large_image\" \/>\n<meta name=\"twitter:label1\" content=\"Dur\u00e9e de lecture estim\u00e9e\" \/>\n\t<meta name=\"twitter:data1\" content=\"1 minute\" \/>\n<script type=\"application\/ld+json\" class=\"yoast-schema-graph\">{\"@context\":\"https:\\\/\\\/schema.org\",\"@graph\":[{\"@type\":\"WebPage\",\"@id\":\"https:\\\/\\\/kanzy.fr\\\/index.php\\\/product\\\/sebniya-foulard-berbere-rose\\\/\",\"url\":\"https:\\\/\\\/kanzy.fr\\\/index.php\\\/product\\\/sebniya-foulard-berbere-rose\\\/\",\"name\":\"Sebniya - Foulard Berb\u00e8re Rose - KANZY\",\"isPartOf\":{\"@id\":\"https:\\\/\\\/kanzy.fr\\\/#website\"},\"primaryImageOfPage\":{\"@id\":\"https:\\\/\\\/kanzy.fr\\\/index.php\\\/product\\\/sebniya-foulard-berbere-rose\\\/#primaryimage\"},\"image\":{\"@id\":\"https:\\\/\\\/kanzy.fr\\\/index.php\\\/product\\\/sebniya-foulard-berbere-rose\\\/#primaryimage\"},\"thumbnailUrl\":\"https:\\\/\\\/kanzy.fr\\\/wp-content\\\/uploads\\\/2023\\\/10\\\/1698490267725-scaled.jpg\",\"datePublished\":\"2023-10-29T11:47:30+00:00\",\"dateModified\":\"2025-04-20T22:38:54+00:00\",\"breadcrumb\":{\"@id\":\"https:\\\/\\\/kanzy.fr\\\/index.php\\\/product\\\/sebniya-foulard-berbere-rose\\\/#breadcrumb\"},\"inLanguage\":\"fr-FR\",\"potentialAction\":[{\"@type\":\"ReadAction\",\"target\":[\"https:\\\/\\\/kanzy.fr\\\/index.php\\\/product\\\/sebniya-foulard-berbere-rose\\\/\"]}]},{\"@type\":\"ImageObject\",\"inLanguage\":\"fr-FR\",\"@id\":\"https:\\\/\\\/kanzy.fr\\\/index.php\\\/product\\\/sebniya-foulard-berbere-rose\\\/#primaryimage\",\"url\":\"https:\\\/\\\/kanzy.fr\\\/wp-content\\\/uploads\\\/2023\\\/10\\\/1698490267725-scaled.jpg\",\"contentUrl\":\"https:\\\/\\\/kanzy.fr\\\/wp-content\\\/uploads\\\/2023\\\/10\\\/1698490267725-scaled.jpg\",\"width\":1920,\"height\":2560,\"caption\":\"Sebniya - Foulard Berb\u00e8re Rose\"},{\"@type\":\"BreadcrumbList\",\"@id\":\"https:\\\/\\\/kanzy.fr\\\/index.php\\\/product\\\/sebniya-foulard-berbere-rose\\\/#breadcrumb\",\"itemListElement\":[{\"@type\":\"ListItem\",\"position\":1,\"name\":\"Accueil\",\"item\":\"https:\\\/\\\/kanzy.fr\\\/\"},{\"@type\":\"ListItem\",\"position\":2,\"name\":\"Boutique\",\"item\":\"https:\\\/\\\/kanzy.fr\\\/\"},{\"@type\":\"ListItem\",\"position\":3,\"name\":\"Sebniya &#8211; Foulard Berb\u00e8re Rose\"}]},{\"@type\":\"WebSite\",\"@id\":\"https:\\\/\\\/kanzy.fr\\\/#website\",\"url\":\"https:\\\/\\\/kanzy.fr\\\/\",\"name\":\"KANZY\",\"description\":\"Bienvenue sur Kanzy.fr, votre destination en ligne pour l&#039;\u00e9l\u00e9gance et le charme des v\u00eatements traditionnels marocains. Plongez dans l&#039;univers captivant de la mode marocaine et d\u00e9couvrez une s\u00e9lection soigneusement choisie de v\u00eatements authentiques qui c\u00e9l\u00e8brent l&#039;h\u00e9ritage culturel du Maroc.\",\"publisher\":{\"@id\":\"https:\\\/\\\/kanzy.fr\\\/#organization\"},\"potentialAction\":[{\"@type\":\"SearchAction\",\"target\":{\"@type\":\"EntryPoint\",\"urlTemplate\":\"https:\\\/\\\/kanzy.fr\\\/?s={search_term_string}\"},\"query-input\":{\"@type\":\"PropertyValueSpecification\",\"valueRequired\":true,\"valueName\":\"search_term_string\"}}],\"inLanguage\":\"fr-FR\"},{\"@type\":\"Organization\",\"@id\":\"https:\\\/\\\/kanzy.fr\\\/#organization\",\"name\":\"KANZY\",\"url\":\"https:\\\/\\\/kanzy.fr\\\/\",\"logo\":{\"@type\":\"ImageObject\",\"inLanguage\":\"fr-FR\",\"@id\":\"https:\\\/\\\/kanzy.fr\\\/#\\\/schema\\\/logo\\\/image\\\/\",\"url\":\"https:\\\/\\\/kanzy.fr\\\/wp-content\\\/uploads\\\/2023\\\/11\\\/cropped-1697977786494-2.png\",\"contentUrl\":\"https:\\\/\\\/kanzy.fr\\\/wp-content\\\/uploads\\\/2023\\\/11\\\/cropped-1697977786494-2.png\",\"width\":100,\"height\":49,\"caption\":\"KANZY\"},\"image\":{\"@id\":\"https:\\\/\\\/kanzy.fr\\\/#\\\/schema\\\/logo\\\/image\\\/\"},\"sameAs\":[\"https:\\\/\\\/www.facebook.com\\\/kanzy.fr1\\\/\"]}]}<\/script>\n<!-- \/ Yoast SEO plugin. -->","yoast_head_json":{"title":"Sebniya - Foulard Berb\u00e8re Rose - KANZY","robots":{"index":"index","follow":"follow","max-snippet":"max-snippet:-1","max-image-preview":"max-image-preview:large","max-video-preview":"max-video-preview:-1"},"canonical":"https:\/\/kanzy.fr\/index.php\/product\/sebniya-foulard-berbere-rose\/","og_locale":"fr_FR","og_type":"article","og_title":"Sebniya - Foulard Berb\u00e8re Rose - KANZY","og_description":"Ajoutez une touche de f\u00e9minit\u00e9 et de tradition \u00e0 votre style avec notre Sebniya, un foulard berb\u00e8re rose. Une pi\u00e8ce d'art et d'histoire, il offre de nombreuses fa\u00e7ons de l'arborer pour \u00e9gayer votre look au quotidien. D\u00e9couvrez la beaut\u00e9 de la culture berb\u00e8re.","og_url":"https:\/\/kanzy.fr\/index.php\/product\/sebniya-foulard-berbere-rose\/","og_site_name":"KANZY","article_publisher":"https:\/\/www.facebook.com\/kanzy.fr1\/","article_modified_time":"2025-04-20T22:38:54+00:00","og_image":[{"width":1920,"height":2560,"url":"http:\/\/kanzy.fr\/wp-content\/uploads\/2023\/10\/1698490267725-scaled.jpg","type":"image\/jpeg"}],"twitter_card":"summary_large_image","twitter_misc":{"Dur\u00e9e de lecture estim\u00e9e":"1 minute"},"schema":{"@context":"https:\/\/schema.org","@graph":[{"@type":"WebPage","@id":"https:\/\/kanzy.fr\/index.php\/product\/sebniya-foulard-berbere-rose\/","url":"https:\/\/kanzy.fr\/index.php\/product\/sebniya-foulard-berbere-rose\/","name":"Sebniya - Foulard Berb\u00e8re Rose - KANZY","isPartOf":{"@id":"https:\/\/kanzy.fr\/#website"},"primaryImageOfPage":{"@id":"https:\/\/kanzy.fr\/index.php\/product\/sebniya-foulard-berbere-rose\/#primaryimage"},"image":{"@id":"https:\/\/kanzy.fr\/index.php\/product\/sebniya-foulard-berbere-rose\/#primaryimage"},"thumbnailUrl":"https:\/\/kanzy.fr\/wp-content\/uploads\/2023\/10\/1698490267725-scaled.jpg","datePublished":"2023-10-29T11:47:30+00:00","dateModified":"2025-04-20T22:38:54+00:00","breadcrumb":{"@id":"https:\/\/kanzy.fr\/index.php\/product\/sebniya-foulard-berbere-rose\/#breadcrumb"},"inLanguage":"fr-FR","potentialAction":[{"@type":"ReadAction","target":["https:\/\/kanzy.fr\/index.php\/product\/sebniya-foulard-berbere-rose\/"]}]},{"@type":"ImageObject","inLanguage":"fr-FR","@id":"https:\/\/kanzy.fr\/index.php\/product\/sebniya-foulard-berbere-rose\/#primaryimage","url":"https:\/\/kanzy.fr\/wp-content\/uploads\/2023\/10\/1698490267725-scaled.jpg","contentUrl":"https:\/\/kanzy.fr\/wp-content\/uploads\/2023\/10\/1698490267725-scaled.jpg","width":1920,"height":2560,"caption":"Sebniya - Foulard Berb\u00e8re Rose"},{"@type":"BreadcrumbList","@id":"https:\/\/kanzy.fr\/index.php\/product\/sebniya-foulard-berbere-rose\/#breadcrumb","itemListElement":[{"@type":"ListItem","position":1,"name":"Accueil","item":"https:\/\/kanzy.fr\/"},{"@type":"ListItem","position":2,"name":"Boutique","item":"https:\/\/kanzy.fr\/"},{"@type":"ListItem","position":3,"name":"Sebniya &#8211; Foulard Berb\u00e8re Rose"}]},{"@type":"WebSite","@id":"https:\/\/kanzy.fr\/#website","url":"https:\/\/kanzy.fr\/","name":"KANZY","description":"Bienvenue sur Kanzy.fr, votre destination en ligne pour l&#039;\u00e9l\u00e9gance et le charme des v\u00eatements traditionnels marocains. Plongez dans l&#039;univers captivant de la mode marocaine et d\u00e9couvrez une s\u00e9lection soigneusement choisie de v\u00eatements authentiques qui c\u00e9l\u00e8brent l&#039;h\u00e9ritage culturel du Maroc.","publisher":{"@id":"https:\/\/kanzy.fr\/#organization"},"potentialAction":[{"@type":"SearchAction","target":{"@type":"EntryPoint","urlTemplate":"https:\/\/kanzy.fr\/?s={search_term_string}"},"query-input":{"@type":"PropertyValueSpecification","valueRequired":true,"valueName":"search_term_string"}}],"inLanguage":"fr-FR"},{"@type":"Organization","@id":"https:\/\/kanzy.fr\/#organization","name":"KANZY","url":"https:\/\/kanzy.fr\/","logo":{"@type":"ImageObject","inLanguage":"fr-FR","@id":"https:\/\/kanzy.fr\/#\/schema\/logo\/image\/","url":"https:\/\/kanzy.fr\/wp-content\/uploads\/2023\/11\/cropped-1697977786494-2.png","contentUrl":"https:\/\/kanzy.fr\/wp-content\/uploads\/2023\/11\/cropped-1697977786494-2.png","width":100,"height":49,"caption":"KANZY"},"image":{"@id":"https:\/\/kanzy.fr\/#\/schema\/logo\/image\/"},"sameAs":["https:\/\/www.facebook.com\/kanzy.fr1\/"]}]}},"_links":{"self":[{"href":"https:\/\/kanzy.fr\/index.php\/wp-json\/wp\/v2\/product\/264","targetHints":{"allow":["GET"]}}],"collection":[{"href":"https:\/\/kanzy.fr\/index.php\/wp-json\/wp\/v2\/product"}],"about":[{"href":"https:\/\/kanzy.fr\/index.php\/wp-json\/wp\/v2\/types\/product"}],"replies":[{"embeddable":true,"href":"https:\/\/kanzy.fr\/index.php\/wp-json\/wp\/v2\/comments?post=264"}],"wp:featuredmedia":[{"embeddable":true,"href":"https:\/\/kanzy.fr\/index.php\/wp-json\/wp\/v2\/media\/265"}],"wp:attachment":[{"href":"https:\/\/kanzy.fr\/index.php\/wp-json\/wp\/v2\/media?parent=264"}],"wp:term":[{"taxonomy":"product_brand","embeddable":true,"href":"https:\/\/kanzy.fr\/index.php\/wp-json\/wp\/v2\/product_brand?post=264"},{"taxonomy":"product_cat","embeddable":true,"href":"https:\/\/kanzy.fr\/index.php\/wp-json\/wp\/v2\/product_cat?post=264"},{"taxonomy":"product_tag","embeddable":true,"href":"https:\/\/kanzy.fr\/index.php\/wp-json\/wp\/v2\/product_tag?post=264"}],"curies":[{"name":"wp","href":"https:\/\/api.w.org\/{rel}","templated":true}]}}